{"id":9486,"date":"2019-07-17T11:40:20","date_gmt":"2019-07-17T09:40:20","guid":{"rendered":"https:\/\/www.open-source-solutions.de\/netzwerk\/?page_id=9"},"modified":"2019-07-17T11:40:20","modified_gmt":"2019-07-17T09:40:20","slug":"konferenzraeume","status":"publish","type":"page","link":"https:\/\/cellecreativ.de\/cowork\/konferenzraeume\/","title":{"rendered":"Konferenzr\u00e4ume"},"content":{"rendered":"<h3>Konferenzr\u00e4ume f\u00fcr jeden Anlass.<\/h3>\n<p>&nbsp;<br \/>\nOb f\u00fcr Besprechungen mit wenigen Personen, oder Meetings mit zahlreichen Teilnehmenden.<br \/>\nOb f\u00fcr Schulungen oder Kurse.<\/p>\n<p>Auch k\u00f6nnen Sie bei uns Ihre Unternehmensevents durchf\u00fchren. Buchen Sie daf\u00fcr kein teures Hotel, nutzen Sie stattdessen unsere ausgestatteten R\u00e4ume.<\/p>\n<p>Die R\u00e4ume selbst sind mit Beamer oder Gro\u00dfbildschirm best\u00fcckt, k\u00f6nnen wahlweise bestuhlt oder mit Tischen ausgestattet werden und bieten Gruppen bis zu 50 Personen Platz.<\/p>\n<p>In unseren K\u00fcchenr\u00e4umen haben Sie die M\u00f6glichkeit, Verk\u00f6stigung f\u00fcr Ihre G\u00e4ste zuzubereiten, oder Sie nutzen einen unserer Catering-Partner.<\/p>\n<p>&nbsp;<\/p>\n<p>&nbsp;<\/p>\n","protected":false},"excerpt":{"rendered":"<p>Konferenzr\u00e4ume f\u00fcr jeden Anlass. &nbsp; Ob f\u00fcr Besprechungen mit wenigen Personen, oder Meetings mit zahlreichen Teilnehmenden. Ob f\u00fcr Schulungen oder Kurse. Auch k\u00f6nnen Sie bei uns Ihre Unternehmensevents durchf\u00fchren. Buchen Sie daf\u00fcr kein teures Hotel, nutzen Sie stattdessen unsere ausgestatteten R\u00e4ume. Die R\u00e4ume selbst sind mit Beamer oder Gro\u00dfbildschirm best\u00fcckt, k\u00f6nnen wahlweise bestuhlt oder mit [&hellip;]<\/p>\n","protected":false},"author":1,"featured_media":9419,"parent":0,"menu_order":7,"comment_status":"closed","ping_status":"closed","template":"","meta":{"footnotes":""},"class_list":["post-9486","page","type-page","status-publish","has-post-thumbnail","hentry","entry"],"yoast_head":"<!-- This site is optimized with the Yoast SEO plugin v27.5 - https:\/\/yoast.com\/product\/yoast-seo-wordpress\/ -->\n<title>Konferenzr\u00e4ume - CoWorking<\/title>\n<meta name=\"robots\" content=\"index, follow, max-snippet:-1, max-image-preview:large, max-video-preview:-1\" \/>\n<link rel=\"canonical\" href=\"https:\/\/cellecreativ.de\/cowork\/konferenzraeume\/\" \/>\n<meta property=\"og:locale\" content=\"de_DE\" \/>\n<meta property=\"og:type\" content=\"article\" \/>\n<meta property=\"og:title\" content=\"Konferenzr\u00e4ume - CoWorking\" \/>\n<meta property=\"og:description\" content=\"Konferenzr\u00e4ume f\u00fcr jeden Anlass. &nbsp; Ob f\u00fcr Besprechungen mit wenigen Personen, oder Meetings mit zahlreichen Teilnehmenden. Ob f\u00fcr Schulungen oder Kurse. Auch k\u00f6nnen Sie bei uns Ihre Unternehmensevents durchf\u00fchren. Buchen Sie daf\u00fcr kein teures Hotel, nutzen Sie stattdessen unsere ausgestatteten R\u00e4ume. Die R\u00e4ume selbst sind mit Beamer oder Gro\u00dfbildschirm best\u00fcckt, k\u00f6nnen wahlweise bestuhlt oder mit [&hellip;]\" \/>\n<meta property=\"og:url\" content=\"https:\/\/cellecreativ.de\/cowork\/konferenzraeume\/\" \/>\n<meta property=\"og:site_name\" content=\"CoWorking\" \/>\n<meta property=\"og:image\" content=\"https:\/\/cellecreativ.de\/cowork\/wp-content\/uploads\/sites\/5\/2024\/12\/ITCampus_Raum_London_bearbeitet_exposure_web-scaled-1.jpg\" \/>\n\t<meta property=\"og:image:width\" content=\"2560\" \/>\n\t<meta property=\"og:image:height\" content=\"1706\" \/>\n\t<meta property=\"og:image:type\" content=\"image\/jpeg\" \/>\n<meta name=\"twitter:card\" content=\"summary_large_image\" \/>\n<meta name=\"twitter:label1\" content=\"Gesch\u00e4tzte Lesezeit\" \/>\n\t<meta name=\"twitter:data1\" content=\"1\u00a0Minute\" \/>\n<script type=\"application\/ld+json\" class=\"yoast-schema-graph\">{\"@context\":\"https:\\\/\\\/schema.org\",\"@graph\":[{\"@type\":\"WebPage\",\"@id\":\"https:\\\/\\\/cellecreativ.de\\\/cowork\\\/konferenzraeume\\\/\",\"url\":\"https:\\\/\\\/cellecreativ.de\\\/cowork\\\/konferenzraeume\\\/\",\"name\":\"Konferenzr\u00e4ume - CoWorking\",\"isPartOf\":{\"@id\":\"https:\\\/\\\/cellecreativ.de\\\/cowork\\\/#website\"},\"primaryImageOfPage\":{\"@id\":\"https:\\\/\\\/cellecreativ.de\\\/cowork\\\/konferenzraeume\\\/#primaryimage\"},\"image\":{\"@id\":\"https:\\\/\\\/cellecreativ.de\\\/cowork\\\/konferenzraeume\\\/#primaryimage\"},\"thumbnailUrl\":\"https:\\\/\\\/cellecreativ.de\\\/cowork\\\/wp-content\\\/uploads\\\/sites\\\/5\\\/2024\\\/12\\\/ITCampus_Raum_London_bearbeitet_exposure_web-scaled-1.jpg\",\"datePublished\":\"2019-07-17T09:40:20+00:00\",\"breadcrumb\":{\"@id\":\"https:\\\/\\\/cellecreativ.de\\\/cowork\\\/konferenzraeume\\\/#breadcrumb\"},\"inLanguage\":\"de\",\"potentialAction\":[{\"@type\":\"ReadAction\",\"target\":[\"https:\\\/\\\/cellecreativ.de\\\/cowork\\\/konferenzraeume\\\/\"]}]},{\"@type\":\"ImageObject\",\"inLanguage\":\"de\",\"@id\":\"https:\\\/\\\/cellecreativ.de\\\/cowork\\\/konferenzraeume\\\/#primaryimage\",\"url\":\"https:\\\/\\\/cellecreativ.de\\\/cowork\\\/wp-content\\\/uploads\\\/sites\\\/5\\\/2024\\\/12\\\/ITCampus_Raum_London_bearbeitet_exposure_web-scaled-1.jpg\",\"contentUrl\":\"https:\\\/\\\/cellecreativ.de\\\/cowork\\\/wp-content\\\/uploads\\\/sites\\\/5\\\/2024\\\/12\\\/ITCampus_Raum_London_bearbeitet_exposure_web-scaled-1.jpg\",\"width\":2560,\"height\":1706},{\"@type\":\"BreadcrumbList\",\"@id\":\"https:\\\/\\\/cellecreativ.de\\\/cowork\\\/konferenzraeume\\\/#breadcrumb\",\"itemListElement\":[{\"@type\":\"ListItem\",\"position\":1,\"name\":\"Startseite\",\"item\":\"https:\\\/\\\/cellecreativ.de\\\/cowork\\\/\"},{\"@type\":\"ListItem\",\"position\":2,\"name\":\"Konferenzr\u00e4ume\"}]},{\"@type\":\"WebSite\",\"@id\":\"https:\\\/\\\/cellecreativ.de\\\/cowork\\\/#website\",\"url\":\"https:\\\/\\\/cellecreativ.de\\\/cowork\\\/\",\"name\":\"CoWorking\",\"description\":\"\",\"potentialAction\":[{\"@type\":\"SearchAction\",\"target\":{\"@type\":\"EntryPoint\",\"urlTemplate\":\"https:\\\/\\\/cellecreativ.de\\\/cowork\\\/?s={search_term_string}\"},\"query-input\":{\"@type\":\"PropertyValueSpecification\",\"valueRequired\":true,\"valueName\":\"search_term_string\"}}],\"inLanguage\":\"de\"}]}<\/script>\n<!-- \/ Yoast SEO plugin. -->","yoast_head_json":{"title":"Konferenzr\u00e4ume - CoWorking","robots":{"index":"index","follow":"follow","max-snippet":"max-snippet:-1","max-image-preview":"max-image-preview:large","max-video-preview":"max-video-preview:-1"},"canonical":"https:\/\/cellecreativ.de\/cowork\/konferenzraeume\/","og_locale":"de_DE","og_type":"article","og_title":"Konferenzr\u00e4ume - CoWorking","og_description":"Konferenzr\u00e4ume f\u00fcr jeden Anlass. &nbsp; Ob f\u00fcr Besprechungen mit wenigen Personen, oder Meetings mit zahlreichen Teilnehmenden. Ob f\u00fcr Schulungen oder Kurse. Auch k\u00f6nnen Sie bei uns Ihre Unternehmensevents durchf\u00fchren. Buchen Sie daf\u00fcr kein teures Hotel, nutzen Sie stattdessen unsere ausgestatteten R\u00e4ume. Die R\u00e4ume selbst sind mit Beamer oder Gro\u00dfbildschirm best\u00fcckt, k\u00f6nnen wahlweise bestuhlt oder mit [&hellip;]","og_url":"https:\/\/cellecreativ.de\/cowork\/konferenzraeume\/","og_site_name":"CoWorking","og_image":[{"width":2560,"height":1706,"url":"https:\/\/cellecreativ.de\/cowork\/wp-content\/uploads\/sites\/5\/2024\/12\/ITCampus_Raum_London_bearbeitet_exposure_web-scaled-1.jpg","type":"image\/jpeg"}],"twitter_card":"summary_large_image","twitter_misc":{"Gesch\u00e4tzte Lesezeit":"1\u00a0Minute"},"schema":{"@context":"https:\/\/schema.org","@graph":[{"@type":"WebPage","@id":"https:\/\/cellecreativ.de\/cowork\/konferenzraeume\/","url":"https:\/\/cellecreativ.de\/cowork\/konferenzraeume\/","name":"Konferenzr\u00e4ume - CoWorking","isPartOf":{"@id":"https:\/\/cellecreativ.de\/cowork\/#website"},"primaryImageOfPage":{"@id":"https:\/\/cellecreativ.de\/cowork\/konferenzraeume\/#primaryimage"},"image":{"@id":"https:\/\/cellecreativ.de\/cowork\/konferenzraeume\/#primaryimage"},"thumbnailUrl":"https:\/\/cellecreativ.de\/cowork\/wp-content\/uploads\/sites\/5\/2024\/12\/ITCampus_Raum_London_bearbeitet_exposure_web-scaled-1.jpg","datePublished":"2019-07-17T09:40:20+00:00","breadcrumb":{"@id":"https:\/\/cellecreativ.de\/cowork\/konferenzraeume\/#breadcrumb"},"inLanguage":"de","potentialAction":[{"@type":"ReadAction","target":["https:\/\/cellecreativ.de\/cowork\/konferenzraeume\/"]}]},{"@type":"ImageObject","inLanguage":"de","@id":"https:\/\/cellecreativ.de\/cowork\/konferenzraeume\/#primaryimage","url":"https:\/\/cellecreativ.de\/cowork\/wp-content\/uploads\/sites\/5\/2024\/12\/ITCampus_Raum_London_bearbeitet_exposure_web-scaled-1.jpg","contentUrl":"https:\/\/cellecreativ.de\/cowork\/wp-content\/uploads\/sites\/5\/2024\/12\/ITCampus_Raum_London_bearbeitet_exposure_web-scaled-1.jpg","width":2560,"height":1706},{"@type":"BreadcrumbList","@id":"https:\/\/cellecreativ.de\/cowork\/konferenzraeume\/#breadcrumb","itemListElement":[{"@type":"ListItem","position":1,"name":"Startseite","item":"https:\/\/cellecreativ.de\/cowork\/"},{"@type":"ListItem","position":2,"name":"Konferenzr\u00e4ume"}]},{"@type":"WebSite","@id":"https:\/\/cellecreativ.de\/cowork\/#website","url":"https:\/\/cellecreativ.de\/cowork\/","name":"CoWorking","description":"","potentialAction":[{"@type":"SearchAction","target":{"@type":"EntryPoint","urlTemplate":"https:\/\/cellecreativ.de\/cowork\/?s={search_term_string}"},"query-input":{"@type":"PropertyValueSpecification","valueRequired":true,"valueName":"search_term_string"}}],"inLanguage":"de"}]}},"_links":{"self":[{"href":"https:\/\/cellecreativ.de\/cowork\/wp-json\/wp\/v2\/pages\/9486","targetHints":{"allow":["GET"]}}],"collection":[{"href":"https:\/\/cellecreativ.de\/cowork\/wp-json\/wp\/v2\/pages"}],"about":[{"href":"https:\/\/cellecreativ.de\/cowork\/wp-json\/wp\/v2\/types\/page"}],"author":[{"embeddable":true,"href":"https:\/\/cellecreativ.de\/cowork\/wp-json\/wp\/v2\/users\/1"}],"replies":[{"embeddable":true,"href":"https:\/\/cellecreativ.de\/cowork\/wp-json\/wp\/v2\/comments?post=9486"}],"version-history":[{"count":1,"href":"https:\/\/cellecreativ.de\/cowork\/wp-json\/wp\/v2\/pages\/9486\/revisions"}],"predecessor-version":[{"id":14931,"href":"https:\/\/cellecreativ.de\/cowork\/wp-json\/wp\/v2\/pages\/9486\/revisions\/14931"}],"wp:featuredmedia":[{"embeddable":true,"href":"https:\/\/cellecreativ.de\/cowork\/wp-json\/wp\/v2\/media\/9419"}],"wp:attachment":[{"href":"https:\/\/cellecreativ.de\/cowork\/wp-json\/wp\/v2\/media?parent=9486"}],"curies":[{"name":"wp","href":"https:\/\/api.w.org\/{rel}","templated":true}]}}